e
Is 829 a factor of 9293919?
True
Does 53 divide 2845729?
True
Does 9 divide 5469687?
True
Does 52 divide 20932764?
False
Is 12660 a multiple of 35?
False
Is 1598613 a multiple of 9?
False
Does 1292 divide 2149466?
False
Is 87665 a multiple of 497?
False
Is 263278 a multiple of 13?
False
Is 165 a factor of 909315?
True
Is 1834479 a multiple of 9?
True
Is 4847347 a multiple of 43?
True
Is 10 a factor of 3571189?
False
Is 178227 a multiple of 69?
True
Is 4 a factor of 687729?
False
Is 253945 a multiple of 27?
False
Is 385295 a multiple of 341?
False
Is 2533554 a multiple of 123?
True
Is 235 a factor of 1825?
False
Is 151 a factor of 344129?
True
Is 151561 a multiple of 9?
False
Does 254 divide 1943184?
False
Is 280 a factor of 1653020?
False
Does 14 divide 22529053?
False
Does 1026 divide 2238732?
True
Does 12 divide 70764?
True
Is 11 a factor of 582661?
False
Does 477 divide 1087758?
False
Does 93 divide 5978319?
True
Is 26899 a multiple of 18?
False
Is 570 a factor of 353148?
False
Does 45 divide 1512000?
True
Is 13 a factor of 1859439?
False
Is 184 a factor of 3362751?
False
Does 6 divide 3261?
False
Is 24 a factor of 1583064?
True
Does 7 divide 4224458?
True
Does 10 divide 234540?
True
Is 573540 a multiple of 237?
True
Is 33 a factor of 983269?
False
Is 871422 a multiple of 2?
True
Is 186 a factor of 15274834?
False
Does 19 divide 380646?
True
Is 822 a factor of 1690346?
False
Is 529278 a multiple of 6?
True
Is 8 a factor of 279344?
True
Is 308 a factor of 1987948?
False
Is 113 a factor of 1122641?
False
Is 15 a factor of 1654530?
True
Does 16 divide 57392?
True
Does 406 divide 697914?
True
Does 79 divide 411432?
True
Is 9 a factor of 1014616?
False
Is 186691 even?
False
Is 22 a factor of 2875378?
True
Is 548620 a multiple of 170?
False
Does 14 divide 129833?
False
Is 70 a factor of 308000?
True
Is 205620 a multiple of 10?
True
Is 5807412 a multiple of 48?
False
Does 56 divide 1310355?
False
Does 16 divide 725?
False
Is 3504307 a multiple of 9?
False
Is 251 a factor of 23219?
False
Is 13 a factor of 18200338?
True
Does 65 divide 194790?
False
Is 4 a factor of 1548?
True
Does 20 divide 245620?
True
Is 54 a factor of 807445?
False
Is 8 a factor of 303780?
False
Does 1230 divide 3213990?
True
Does 204 divide 618178?
False
Is 25 a factor of 63475?
True
Does 35 divide 737065?
True
Is 3 a factor of 69795?
True
Does 619 divide 1641860?
False
Is 1337 a factor of 16786035?
True
Is 582 a factor of 4012831?
False
Is 3002478 a multiple of 6?
True
Is 99 a factor of 347139?
False
Is 43 a factor of 736848?
True
Does 281 divide 86267?
True
Is 9 a factor of 539996?
False
Is 3633 a multiple of 38?
False
Does 136 divide 929424?
True
Is 7 a factor of 1381849?
True
Is 4 a factor of 46190?
False
Does 63 divide 4197186?
True
Is 3485294 a multiple of 25?
False
Is 10 a factor of 146590?
True
Is 7802816 a multiple of 56?
True
Does 590 divide 1270270?
True
Is 1064030 a multiple of 110?
True
Does 25 divide 542625?
True
Is 12 a factor of 48095860?
False
Is 161 a factor of 1252419?
True
Is 465 a factor of 315143?
False
Is 1572705 a multiple of 642?
False
Is 26 a factor of 1831479?
False
Is 2975 even?
False
Does 37 divide 5052197?
False
Does 327 divide 67362?
True
Does 228 divide 14364?
True
Is 114 a factor of 115140?
True
Is 134483 a multiple of 51?
False
Does 105 divide 1267350?
True
Does 37 divide 9791976?
True
Does 72 divide 11543?
False
Is 11 a factor of 1001290?
False
Is 345 a factor of 840075?
True
Is 56 a factor of 35448?
True
Does 8 divide 302504?
True
Is 18508 a multiple of 98?
False
Does 63 divide 1304874?
False
Does 64 divide 686291?
False
Is 73458 a multiple of 99?
True
Does 20 divide 111343?
False
Is 34 a factor of 116314?
True
Does 18 divide 3469824?
True
Is 16 a factor of 872368?
True
Is 2700230 a multiple of 130?
True
Is 387516 a multiple of 516?
True
Is 680844 a multiple of 12?
True
Does 67 divide 11591536?
True
Does 281 divide 837074?
False
Does 168 divide 6511698?
False
Is 903279 a multiple of 13?
True
Is 25 a factor of 7462803?
False
Is 13115547 a multiple of 2367?
True
Is 314403 a multiple of 44?
False
Is 66 a factor of 1832?
False
Is 7 a factor of 294726?
False
Is 1012393 a multiple of 163?
True
Is 249 a factor of 360552?
True
Is 11673375 a multiple of 124?
False
Does 573 divide 14899719?
True
Is 40 a factor of 590114?
False
Is 31 a factor of 1109676?
True
Does 238 divide 1630776?
True
Does 30 divide 155341?
False
Is 14946 a multiple of 282?
True
Is 7 a factor of 793639?
True
Does 4 divide 26992?
True
Does 20 divide 479900?
True
Does 118 divide 82806?
False
Is 214606 a multiple of 218?
False
Is 50 a factor of 39800?
True
Is 195 a factor of 139243?
False
Is 57 a factor of 8831535?
False
Does 230 divide 2517120?
True
Is 65912 even?
True
Is 689 a factor of 1566288?
False
Does 5 divide 692525?
True
Does 13 divide 258687?
True
Is 454 a factor of 80130?
False
Is 66 a factor of 4515720?
True
Is 251360 a multiple of 160?
True
Is 47150 a multiple of 3?
False
Is 8 a factor of 24941?
False
Does 33 divide 5355100?
False
Is 37 a factor of 610373?
False
Does 487 divide 75485?
True
Is 797148 a multiple of 12?
True
Is 101 a factor of 200788?
True
Is 14 a factor of 161279?
False
Does 185 divide 141155?
True
Is 1946555 a multiple of 33?
False
Does 11 divide 4444?
True
Is 7 a factor of 69512?
False
Is 319 a factor of 703715?
False
Does 12 divide 4772327?
False
Is 98 a factor of 2929732?
False
Is 2080386 a multiple of 342?
True
Does 97 divide 161166?
False
Does 509 divide 5651626?
False
Does 16 divide 12722970?
False
Is 40187 a multiple of 11?
False
Is 22 a factor of 55687?
False
Is 138046 a multiple of 20?
False
Is 59 a factor of 485808?
False
Is 5553548 a multiple of 511?
True
Is 11 a factor of 1552986?
False
Does 18 divide 869058?
True
Is 57 a factor of 2555880?
True
Is 2376173 a multiple of 86?
False
Is 160548 a multiple of 68?
True
Is 4 a factor of 507165?
False
Is 22 a factor of 713701?
False
Is 586 a factor of 3260642?
False
Is 255180 a multiple of 9?
False
Is 133 a factor of 5723797?
False
Does 196 divide 1994692?
True
Does 724 divide 4827632?
True
Is 12624 a multiple of 8?
True
Is 30529 a multiple of 349?
False
Is 140275 a multiple of 53?
False
Does 383 divide 1697036?
False
Is 42 a factor of 10542?
True
Does 35 divide 70942?
False
Does 192 divide 10202?
False
Is 92014 a multiple of 21?
False
Is 46 a factor of 192209?
False
Is 32 a factor of 937318?
False
Is 155584 a multiple of 208?
True
Is 14 a factor of 2504712?
True
Is 9105 a multiple of 3?
True
Is 633870 a multiple of 121?
False
Does 1002 divide 9849660?
True
Is 273448 a multiple of 152?
True
Is 13 a factor of 339471?
False
Is 61 a factor of 1095865?
True
Does 44 divide 80281?
False
Does 39 divide 1929861?
False
Is 10 a factor of 28490?
True
Does 345 divide 850770?
True
Is 14 a factor of 2144800?
True
Is 3 a factor of 159724?
False
Does 412 divide 3326783?
False
Is 3115672 a multiple of 236?
True
Is 26 a factor of 4075528?
False
Does 18 divide 2580102?
True
Is 130 a factor of 1499420?
True
Is 38873 a multiple of 140?
False
Is 3571920 a multiple of 1230?
True
Does 48 divide 187460?
False
Does 13 divide 7654156?
False
Is 1359 a factor of 5734330?
False
Does 104 divide 19107006?
False
Is 678816 a multiple of 9?
True
Does 88 divide 3010656?
True
Does 18 divide 35927?
False
Does 47 divide 114337?
False
Does 39 divide 907608?
True
Is 1298927 a multiple of 305?
False
Does 5 divide 879280?
True
Is 1880839 a multiple of 541?
False
Does 169 divide 2461280?
False
Is 1529247 a multiple of 21?
False
Is 210888 a multiple of 404?
True
Does 16 divide 4981072?
True
Is 102402 a multiple of 20?
False
Does 318 divide 671099?
False
Is 145280 a multiple of 160?
True
Does 815 divide 10887331?
False
Is 313 a factor of 1290186?
True
Does 1308 divide 290376?
True
Is 91 a factor of 59770?
False
Is 66597 a multiple of 170?
False
Is 224 a factor of 6144618?
False
Does 5 divide 188057?
False
Is 505 a factor of 756490?
True
Does 838 divide 4133480?
False
Is 212 a factor of 2156018?
False
Is 167774 a multiple of 84?
False
Does 390 divide 2867138?
False
Is 79 a factor of 56248?
True
Is 976854 a multiple of 61?
True
Does 37 divide 119353?
False
Does 89 divide 3060977?
True
Is 322434 a multiple of 18?
True
Is 327180 a multiple of 15?